ose c = i - 2*i + 13, 5*i - c - 95 = 0. What are the prime factors of i?
2, 3
Let d(h) = 8*h + 13. What are the prime factors of d(6)?
61
What are the prime factors of 100/6*69/46?
5
Let u = 29 + -41. What are the prime factors of ((-6)/u)/((-2)/(-68))?
17
What are the prime factors of (-42)/63 + (-1186)/(-12)*2?
197
Suppose 0 = 15*n - 19*n - 28. Let h(a) = 2*a**2 + 4*a + 3. Let b be h(-3). Let t = b + n. List the prime factors of t.
2
Suppose -27*s + 108 = -24*s. List the prime factors of s.
2, 3
Suppose 5*y + 3 = 23. Suppose -4*a + 7*k + 8 = 2*k, a - 2*k = 2. Suppose -a*r + 24 = y. List the prime factors of r.
2, 5
Let z(q) = 4 + q**3 + 0 + 9*q + 5 + 8*q**2. What are the prime factors of z(-6)?
3
Suppose 9*k = 1226 - 344. List the prime factors of k.
2, 7
Let k be (-1 + -1)*1/(-1). Suppose 2*v + 30 = k*q - 2*v, -34 = -4*q - 5*v. List the prime factors of q.
11
Let y = 254 - 174. What are the prime factors of y?
2, 5
Let q(p) = 9*p**3 + 2*p - 1. Let n(i) = i**3 - 5*i**2 + 4*i + 1. Let o be n(4). Let l = o + 0. What are the prime factors of q(l)?
2, 5
Suppose -i - 39 = -4*i. Let w = i - 1. List the prime factors of w.
2, 3
Let u(l) = 2*l**2 + 2. Suppose -h = -0*h + 4, -h = -c + 2. What are the prime factors of u(c)?
2, 5
Let y(r) = -r**2 - 9*r - 4. List the prime factors of y(-7).
2, 5
Let q(a) be the first derivative of a**4/4 + a**3 - a**2 - a - 1. Let d = 23 + -25. List the prime factors of q(d).
7
Let l = -106 + 169. What are the prime factors of l?
3, 7
Let h = 1 - -2. Suppose 3*y - 39 = -h. List the prime factors of y.
2, 3
Suppose 3*u = 15, -4*g = -0*g + u - 197. What are the prime factors of g?
2, 3
Suppose 0*x - 3*x - 4*t - 11 = 0, -2*x - 4*t = 14. Suppose 2*o - 75 = x*s, 0 = -2*o - s + 25 + 30. List the prime factors of o.
2, 3, 5
Suppose 266 = 4*j - 2*s, -j - 4*s = -50 - 21. What are the prime factors of j?
67
What are the prime factors of 1 - 2 - (-94 + -7)?
2, 5
Suppose 2*q - 3*y - 19 = -3*q, 0 = 3*q - 3*y - 15. Let o be 2 - 1*(-2 + q). Suppose 2*g - 2 - o = 0. What are the prime factors of g?
2
Let f be (-12)/4 + -12 - 1. Let r = f + 21. What are the prime factors of r?
5
Suppose -2*p + 115 = c, -3*p + p + 95 = -3*c. Let x = 96 - p. What are the prime factors of x?
41
Suppose 3*z + 45 - 198 = 0. List the prime factors of z.
3, 17
Suppose 3*a - 4*a = -4, 5*j - 5*a = -10. Suppose j*t - 9 = -t. Suppose -2*h + 2*d = -d - 9, -5*h + 33 = t*d. List the prime factors of h.
2, 3
Let g = 19 - -127. What are the prime factors of g?
2, 73
Suppose -5*j + 648 = 43. List the prime factors of j.
11
Let z(n) = 27*n**2 - n + 2 - 1 + 30*n**2 - 9*n**2. List the prime factors of z(1).
2, 3
Let u be ((-2)/4)/(1/(-6)). Suppose 0 = -7*p + u*p + 48. What are the prime factors of p?
2, 3
Let s = -12 + 0. Let m = -10 - s. List the prime factors of m.
2
Let u = 7 + -2. What are the prime factors of 88/u + 2/5?
2, 3
Let r(x) = x**3 + 5*x**2 + 4. Let t be r(-5). Let f be ((-45)/10)/((-3)/t). Suppose -f = 3*s - 4*s. What are the prime factors of s?
2, 3
Suppose 7 = g + 2*y, -4*g - 5*y + 8 = -y. Let a(t) = t**3 + 3*t**2 - 3*t - 3. List the prime factors of a(g).
2, 3
Let b = 5 - -38. What are the prime factors of b?
43
Suppose -21 = 2*i - 5*i. Let f(h) = 3*h - 5. Let a be f(i). Let l = a - 5. What are the prime factors of l?
11
What are the prime factors of 40 - (0 + 0) - 5?
5, 7
Let b(p) = p + 5. What are the prime factors of b(14)?
19
Let o = -10 + 33. What are the prime factors of o?
23
Suppose -x + 0*x = 3. Let c = x - -7. Suppose t - 6 = -t + c*w, -t + 4*w - 5 = 0. What are the prime factors of t?
11
Let g be ((-4)/8)/(1/(-4)). Suppose -g*p + 13 = -p. List the prime factors of p.
13
Let v = 51 + -87. Suppose -2*q + 6 = -0, 2*a + 3*q - 17 = 0. List the prime factors of v*(14/a)/(-7).
2, 3
Let h(r) be the second derivative of r**4/12 + 4*r**3/3 - 5*r**2/2 + 5*r. Let g be ((-1)/(-2))/(2/(-36)). What are the prime factors of h(g)?
2
Let t(y) = 9*y**2 - 2*y - 1. List the prime factors of t(2).
31
Suppose 4*k = -4*i + 780, 2*k - 3*i = -4*i + 388. What are the prime factors of k?
193
Let n be 10 + -2 - (-1 - -4). Suppose n*u + 1 = 16. Let c = u + 0. List the prime factors of c.
3
Let q(d) = -10*d**3 - 2*d**2 - 3. What are the prime factors of q(-3)?
3, 83
Suppose 4*s = 6*s - 130. List the prime factors of s.
5, 13
Let f be (11/(-3))/((-2)/(-6)). Let y be 6/(-33) + (-244)/f. Suppose r - y = 5*j, 2*r - j = -2*r + 31. What are the prime factors of r?
7
Suppose -3*d = -1 - 5. Suppose d*i = -3*f - 24, -i + 0*f = 4*f + 22. What are the prime factors of ((-16)/6)/(4/i)?
2
List the prime factors of (-74)/(-8) - (-7 - 175/(-28)).
2, 5
Suppose -5*p = -5*c - 72 + 232, -3*c + 100 = -4*p. List the prime factors of c.
2, 7
Let g be (-3)/((-3)/(-18)*2). Let n = 14 + g. List the prime factors of n.
5
Let j be ((-4)/(-6))/(2/9). List the prime factors of j/2*518/21.
37
Let g(b) = 151*b**3 - b**2 - b + 2. List the prime factors of g(1).
151
Let z(c) = -c**2 - 2*c. Let s be z(-2). Suppose s = -4*v + 12 - 0. What are the prime factors of v?
3
Let v(r) = 3*r**3 - r. Let w be v(1). Let q(n) = 2*n**2 - 3*n - 4. Let i be q(3). Suppose h - i = -w. List the prime factors of h.
3
Suppose -31 = 3*i - 4*i. Let k = i - 22. What are the prime factors of k?
3
Suppose i - 2*m - 24 = 0, 2*i - 72 = -i + 2*m. List the prime factors of i.
2, 3
Let s(i) = i - 8. Let j be s(8). Suppose j = -3*r + 24 + 18. What are the prime factors of r?
2, 7
What are the prime factors of 36/5*70/28?
2, 3
Suppose 2*z - 3*z - 5*l + 20 = 0, -2*l + 8 = 0. Suppose s - 46 = -z*s. What are the prime factors of 1/(-2) - s/(-4)?
11
What are the prime factors of ((-532)/(-16))/((-21)/12 - -2)?
7, 19
Suppose 179 = b + 4*b - 4*u, 2*u + 2 = 0. What are the prime factors of b?
5, 7
Suppose -2*t = -4*t + 8. List the prime factors of ((-5)/t)/((-1)/8).
2, 5
List the prime factors of 0/1 + 26 + 3.
29
Suppose -4*n = 5*c - 19, -5*c + 0*c = 5*n - 15. Let m = c + 4. What are the prime factors of m?
11
Let a = 37 - 15. Suppose -j - a = -64. Suppose -5*h + 92 = 3*o, 0*h + j = 2*h - 4*o. List the prime factors of h.
19
Let z be 2 - 1 - -3 - 1. Let a(b) = b**3 - b**2 + 3. What are the prime factors of a(z)?
3, 7
Let u be (1/1)/((-4)/8). List the prime factors of (-1 + -9)*u/5.
2
Let g(h) = h**3 - 8*h**2 - 8*h + 8. Suppose -15 = -5*b + 30. What are the prime factors of g(b)?
17
Let r(d) = 1 + 1 + 2*d**2 - 1 - 2*d. Let m be r(2). Suppose 0 = 4*q + 5*g - 33, -6*q - m*g = -q - 45. What are the prime factors of q?
2, 3
Let h(u) = u**3 - 4*u**2 + 6*u - 7. Let t be h(6). Suppose 14 - t = -3*s. List the prime factors of s.
29
Suppose -5*i + 32 = -2*p, -2*p = 5*i - 47 - 1. Let u = 26 - i. List the prime factors of u.
2, 3
Suppose -10 = f + 4*f. Let q = f - -36. Suppose q = 4*n + 2. List the prime factors of n.
2
Suppose -2*j = j - 15. Suppose -w + 0*w = -5*b - 57, 4*w - b = 209. Suppose n - j*n = -w. What are the prime factors of n?
13
Let n(a) = a**2 + 4*a - 1. Let b be n(-4). Let l(j) = 8*j**2 + j. List the prime factors of l(b).
7
Suppose -62 = -3*m + 2*i - 0*i, 0 = -5*i - 20. List the prime factors of m.
2, 3
Let z be 2/(-6) + 20/6. Suppose 3*l + 6 = z. What are the prime factors of 7/l*24/(-14)?
2, 3
Let l be 3 - (0 - -1 - 3). Suppose -2*u + l*k + 48 = 0, u + k - 24 = -2*k. List the prime factors of u.
2, 3
Suppose 7*l - 9*l = -272. What are the prime factors of l?
2, 17
Let u be (4/10)/(5/1050). Let r = -37 + u. Suppose 2*k - r = -3. List the prime factors of k.
2, 11
Let u = 25 + -17. Let i = 11 - u. Suppose i*s - 27 = -0*s. List the prime factors of s.
3
Let s = -6 - -9. Suppose s*u = -4*n + 50, 2*u - 4 = -0. List the prime factors of n.
11
Let s(u) = 2*u**3 + 5*u**2 - 5*u - 1. Let n(z) = z**3 + 4*z**2 - 4*z. Let a(q) = -3*n(q) + 2*s(q). List the prime factors of a(2).
2
Suppose -3*s + 2*j = -74, 21 = s - 0*s + 3*j. What are the prime factors of s?
2, 3
What are the prime factors of 40/15*54/8?
2, 3
Suppose 3*a + 5 = s, 0*s + 15 = 4*a + 3*s. Let t be (-3 - -10)*(a - 1). Let f = 4 - t. List the prime factors of f.
11
Let l be ((-4)/(-6))/((-1)/(-27)). List the prime factors of ((-4)/(-8))/(1/l).
3
Suppose 3*w + 78 = 5*w - 2*u, 195 = 5*w + u. List the prime factors of w.
3, 13
Let r(p) = -1. Suppose 3*d - 13 = -y, -2*y - d = -6 - 0. Let b(